= 4. Calculate the greatest common factor of j and a.
3
Suppose 45*y - 45 = 50*y. Let u be 12/y + (-34)/(-3). What is the highest common factor of 30 and u?
10
Suppose 16 = -b + 6. Let a be (-4 - (b + 4))*9. Calculate the highest common factor of 27 and a.
9
Suppose 4*l - 4*b - 124 = 0, 4*l + 3*b + 43 - 132 = 0. Calculate the highest common factor of l and 104.
26
Let v be ((-132)/(-16))/((-10)/(-40)). What is the highest common factor of v and 242?
11
Let m(z) = 3*z**2 - z - 1. Let j be m(2). Suppose 51 = 3*q - j. Let k(o) = -o**2 + 4*o + 4. Let a be k(4). Calculate the highest common divisor of q and a.
4
Suppose 0 = 4*z - 7*z + 15. Suppose 0 = -6*k + z*k + 36. Let f = -12 + k. Calculate the greatest common divisor of 216 and f.
24
Suppose -4*r + r - 5*x = -1411, -x = 4. Suppose p + r = 4*p. Suppose -n - 4*u - 138 = -6*n, 5*n + 3*u = p. What is the greatest common factor of n and 6?
6
Let g = 204 + -174. Calculate the greatest common factor of 210 and g.
30
Let p(h) = -23*h + 7. Let g(z) = 12*z - 4. Let u(b) = 11*g(b) + 6*p(b). Let t = -6 + 4. Let x be u(t). Calculate the greatest common factor of x and 25.
5
Let w(p) = -p**2 + 13*p + 12. Let t be w(13). Let j be ((-4)/6)/((-8)/120). Suppose 2*i - 62 = j. Calculate the greatest common factor of t and i.
12
Suppose 2*q = 3*d + 24 + 20, -2*q = 5*d - 12. Let s be 0/2 + 1*q. Let p = -1835 - -1931. Calculate the greatest common factor of s and p.
16
Let q = -17 - -22. Suppose 21 - 71 = -q*n. Let h = -6 + n. What is the highest common factor of 6 and h?
2
Suppose 0 = -2*t - 3*c + 1305, 3*t - 4*c + 72 = 2004. What is the greatest common divisor of t and 36?
36
Let d be 12/(-28) - 39/7. Let x be (-80)/d*(-2 + 5). Calculate the highest common divisor of 4 and x.
4
Let a be -1 - 7338/(-39) - 26/169. What is the highest common divisor of a and 51?
17
Let u = 1895 - 1092. What is the greatest common factor of u and 73?
73
Let f = -116 - -115. Let v be f*6*2*25/(-15). What is the greatest common divisor of 15 and v?
5
Suppose -5*x = -2*x - 78. Calculate the greatest common divisor of 2 and x.
2
Suppose 5*t = 4*s + 15, 3*t + 4*s + 23 = -0*t. Let f be 768/12 + 1*t. What is the highest common factor of 21 and f?
21
Suppose 7*p - 3*p + 60 = 0. Let o be -2*(p*3 - -1). Calculate the greatest common divisor of o and 8.
8
Let l(s) = -s**3 - s**2 + s + 6. Let p be l(0). Suppose -2*z + 111 = -31*z + 372. Calculate the greatest common divisor of z and p.
3
Let k be 3/((-3)/2) - -2. Let t(i) = 5 + 6*i - 3*i - 2*i + i. Let b be t(k). What is the highest common factor of b and 1?
1
Let v(t) be the first derivative of 8*t**2 + 12*t + 1/3*t**3 + 11. Let r be v(-16). What is the greatest common divisor of 96 and r?
12
Suppose 66*f = 81*f - 435. What is the highest common divisor of f and 261?
29
Let k = 41 + -36. Suppose 2*z + 3*g = 34, -z - k*g = 3*z - 70. Suppose 1 = i - 4. What is the highest common divisor of i and z?
5
Suppose -7*b + 320 = b. Calculate the highest common factor of 40 and b.
40
Suppose -3*u + 1678 = -542. Suppose 7*y = u - 173. What is the highest common divisor of y and 54?
27
Let w(l) = -l**3 + 22*l**2 - 8*l + 45. Let m be w(22). Let j = -91 - m. Calculate the highest common factor of 40 and j.
40
Let k(o) = o + 10. Let p be k(-7). Let j = -11 + 12. Let t = j - -11. What is the greatest common divisor of t and p?
3
Suppose 2*i = 2*k - k + 430, -2*k = 2*i - 436. Calculate the highest common factor of i and 6.
6
Suppose 374 = -7*p + 388. Calculate the highest common divisor of p and 46.
2
Let u = -270 + 432. Calculate the highest common factor of 96 and u.
6
Let j = -1087 - -1177. What is the greatest common factor of j and 36?
18
Suppose -5*r = -4*g - 218, -52*r - 175 = -56*r + 3*g. Calculate the highest common factor of r and 506.
46
Let w be 1/6*8*18/(-12). Let d be (149 - w) + -1*2 + 3. What is the highest common factor of 19 and d?
19
Suppose 58*v - 480 = 54*v. What is the greatest common factor of v and 210?
30
Let t be 1/2 + 135/6. Let l = t + -11. Suppose 0 = -3*q + 15*q - 288. Calculate the highest common factor of l and q.
12
Suppose -5*k + 3 - 18 = 0, -4*k + 12 = 2*t. Let s = t + -16. Let y be ((-18)/s)/((-5)/(-10)). What is the greatest common factor of y and 81?
9
Let r be ((-25)/(-10) - 4)*1*-2. Suppose r*i + 3*l = 30, -2*i + 2*l + 16 = -0*i. Let q = -19 - -22. What is the highest common factor of q and i?
3
Let q = 38 - 36. Suppose 4*l + 6 = -26. Let o = 11 + l. What is the highest common divisor of q and o?
1
Suppose -50*x + 5697 + 5703 = 0. Calculate the greatest common factor of x and 399.
57
Let i be ((-1)/2)/((2 + -1)/130). Let g = 73 + i. Suppose -2*f - q + 67 = -0*q, 166 = 5*f + 2*q. Calculate the highest common factor of g and f.
8
Suppose 0 = 39*u - 38*u + 5. Let a be (u/10)/(-1)*2. Calculate the greatest common divisor of 11 and a.
1
Let k(x) = 16*x - 26. Let y be k(5). Calculate the highest common divisor of 30 and y.
6
Let g = -9 - -29. Suppose 0 = -5*x + 25, -7*t + 5*x = -5*t - 75. What is the greatest common divisor of t and g?
10
Suppose -2*k - 415 = -3*z, -3*k + 2*k = -z + 139. Let b = -108 + z. Let c be (-1)/4*-2*638. What is the highest common factor of c and b?
29
Suppose -2*n + 7*n - 5 = 0. Let m be (-1)/1*(1 - 1) + n. What is the highest common divisor of m and 2?
1
Let r(j) = -4*j**2 - 63*j + 1. Let b(i) = 2*i**2 + 31*i. Let c(f) = -5*b(f) - 2*r(f). Let z be c(-14). What is the highest common divisor of 2 and z?
2
Suppose 37*v = -41*v + 88920. What is the highest common factor of v and 180?
60
Suppose 0 = 28*q - 31*q + 78. Calculate the highest common factor of q and 91.
13
Let g(f) = -f**3 + 8*f**2 - 2*f - 9. Let y be 51/6 - 3/6. Let u be g(y). Let c = u - -75. Calculate the highest common factor of 75 and c.
25
Suppose 0 = -4*z - 87 + 15. Let j = 29 + z. Let w(b) = -2*b + 23. Let t be w(j). What is the greatest common divisor of 11 and t?
1
Let g(k) = -k**3 - 21*k**2 - 100*k - 21. Let l be g(-14). Calculate the highest common factor of 4 and l.
1
Let y = 198 - 141. Suppose -20*n - 69 = -43*n. Calculate the greatest common divisor of y and n.
3
Let h(v) be the third derivative of -v**5/60 + 5*v**4/6 - 3*v**3/2 + 3*v**2. Let g be h(19). Calculate the greatest common factor of 40 and g.
10
Let r(y) be the second derivative of 2*y**3 - 2*y + 0*y**2 - 3/4*y**4 + 0 - 1/20*y**5. Let k be r(-11). What is the greatest common factor of k and 44?
22
Let u be 4/(8/10) + 0. Suppose 2*y - u - 1 = 0. Let v be -1 - (-255)/(y + 0). What is the highest common factor of v and 12?
12
Suppose 3*t = 6*t + 12, -5*p + 4*t = -2031. Suppose -5*s + 47 + p = 0. What is the greatest common factor of s and 36?
18
Let m = 2099 + -2027. What is the greatest common divisor of m and 312?
24
Suppose 28*h + 9*h = 9583. What is the highest common factor of h and 37?
37
Suppose 11 = 4*x + q, -2*x - q + 6 + 1 = 0. Let z be 1 + 0 - (-254)/x. Let u = 19 + z. What is the highest common divisor of u and 21?
21
Suppose -3*s = -0*s - 144. What is the greatest common factor of 3 and s?
3
Let g(i) be the third derivative of i**5/20 - i**4/12 + 7*i**3/6 + 26*i**2. Let w be g(3). What is the greatest common divisor of 196 and w?
28
Let d be (0 + 3 - 3)/2. Suppose d*c = 5*c - 110. What is the greatest common factor of c and 44?
22
Suppose -5*g = 4*u - 28, -10*u - 5*g + 14 = -13*u. Calculate the highest common factor of u and 30.
2
Let z(u) = u**2 + 19*u - 20. Let r be z(-24). What is the greatest common factor of r and 60?
20
Suppose -41 = 4*c - s, -c - 5*s = 3 + 2. Let q(b) = 33*b**2 + b - 47. Let l be q(-7). Let r be 2/c + l/15. Calculate the greatest common divisor of r and 13.
13
Suppose 5*t - 6*c = -2*c + 35, c = -5*t + 60. What is the highest common factor of 1683 and t?
11
Suppose -126*d + 19998 = -104*d. What is the highest common factor of 101 and d?
101
Let y = 4 - -4. Let x be (-10)/35 + (-187)/7. Let l be 8 - ((-114)/x + (-8)/36). Calculate the highest common divisor of l and y.
4
Let b(f) = 2 + f**2 - 1 + f - 6*f + 0*f. Let a be b(2). Let l(r) = -32*r - 6. Let n be l(a). Calculate the highest common divisor of n and 14.
14
Let q(w) = 2*w**2 + 6*w + 9. Let b be q(-11). Let f = b - 117. Let d = f - 23. Calculate the highest common factor of 9 and d.
9
Suppose -76*q + 65*q + 264 = 0. Calculate th